- 794*a - 115. What is the units digit of f(-18)?
7
What is the hundreds digit of ((-2832)/(-20) - -4)/((-4)/(-20))?
7
Let g be ((-25)/50)/((-15501)/(-7752) + -2). Let o = g - 565. What is the units digit of o?
7
What is the thousands digit of (26425/10)/((-26)/(-52))?
5
Let g = 16 + -15. Let x be (-3 + 4)*(g + -1) - -559. Suppose x + 217 = 8*o. What is the tens digit of o?
9
Let a(z) = -22*z - 37. Let w be a(-4). Suppose -3*c = -84 + w. What is the tens digit of c?
1
Suppose -18 = 11*w - 13*w. Suppose 0*y + w*y = -45. What is the tens digit of 35 - ((7 - 3) + y)?
3
Let h = -27 - 35. Let n = 409 + h. What is the hundreds digit of n?
3
Let y(t) = -17 - 23 - 24*t - t**3 + 7461*t**2 - 7437*t**2. What is the units digit of y(22)?
0
Suppose 9 = 24*w - 21*w. Let t(j) = 12*j**3 - 4*j**2 - 3*j. What is the hundreds digit of t(w)?
2
Suppose 0 = -357*i + 2810453 - 192929. What is the tens digit of i?
3
Let i(a) = -88*a - 211. Let u be i(28). Let t = -1168 - u. What is the units digit of t?
7
Let z be 120*(5/(-35))/(2/(-7)). Let g = 4 - -6. Suppose -5*l - z = -g*l. What is the tens digit of l?
1
Let s(z) = 20*z**2 - 3646*z + 360. What is the ten thousands digit of s(191)?
3
Let u(a) be the second derivative of 281*a**4/12 + 5*a**3/6 - a**2 - 45*a. What is the units digit of u(1)?
4
Let t(o) = 7044*o**3 + 34*o**2 - 74*o + 9. What is the units digit of t(2)?
9
Let p(d) = d + 39. Let r be p(11). Suppose -s = -199 + r. What is the tens digit of s?
4
Let d be (165/2)/11*2/(-1). What is the tens digit of (-10)/(-75) + (-3778)/d?
5
Let w(c) = 0*c + 0*c + 8*c + 2 + 2*c**2. Let y be 0/(-2) - (-72)/(-8). What is the units digit of w(y)?
2
Suppose -47119 = -5*w - l, -34811 = -4*w - 3*l + 2871. What is the hundreds digit of w?
4
Let f(v) = 2*v**3 - 65*v**2 - 71*v - 74. What is the units digit of f(34)?
0
Let m(q) = -24*q**3 + 4*q**2 + 51*q - 15. What is the ten thousands digit of m(-10)?
2
Suppose 2*l - 66 = 2*h - 240, 0 = -4*l - 2*h - 336. Let s = 81 + l. What is the units digit of s/(-10) + (1884/(-15))/(-1)?
6
Let n = 41581 - -23920. What is the ten thousands digit of n?
6
Let j(m) = 4*m**3 + 14*m**2 - m + 5. Let h(t) = t + t**3 + 11 + 4*t**2 - 3*t**2 - 10. Let w(x) = 6*h(x) - j(x). What is the units digit of w(5)?
6
Let q = 11 - 15. Let z be ((-9)/6)/(3/q - 0). Suppose -62 = -z*c + 18. What is the tens digit of c?
4
Suppose -2*o + 18 = -5*j, 5*j + 0*j + 17 = 3*o. Let d be o/(505/168 - 3). What is the tens digit of ((-4)/2 - 2) + d/(-4)?
3
Let a(p) = -41*p**2 - p + 3. Let l(c) = 7*c - 7. Let v(g) = -4*g + 4. Let o(q) = 3*l(q) + 5*v(q). Let m(j) = -a(j) - 4*o(j). What is the units digit of m(2)?
9
Suppose -5*x + 10 = -7*x. What is the hundreds digit of -3 - -1088 - (x - (-5 - -3))?
0
Let d(u) = 24*u - 216. Let y be d(9). Suppose y = n - 4*q + 8*q - 952, 5*n + 2*q - 4706 = 0. What is the hundreds digit of n?
9
Let o = 495 - 488. Let x(u) = -3*u**3 + 4*u**2 + 13*u - 9. Let l(n) = -2*n**3 + 3*n**2 + 9*n - 6. Let r(t) = -8*l(t) + 5*x(t). What is the tens digit of r(o)?
0
Suppose -36*g + 57623 = -6012 - 55633. What is the hundreds digit of g?
3
Suppose 0 = -6*a + k + 118221, 0 = -35*a + 37*a + k - 39411. What is the hundreds digit of a?
7
Let u(l) = -5*l + 74. Let f be u(14). What is the units digit of 993 - -6 - 9/(-6)*f?
5
What is the hundreds digit of 16726 + 162/((-72)/4)?
7
Suppose -5*h + 4960 = -7990. What is the tens digit of h?
9
Let l be 3 + 54 - (1 + -2). Let k = l - 64. Let t(s) = -s + 23. What is the tens digit of t(k)?
2
Suppose 0 = 73*o - 20130 - 77106. What is the units digit of o?
2
Let v(f) = -3595*f + 698. What is the hundreds digit of v(-2)?
8
Let o(y) = 9*y**2 - 32*y - 1657. What is the thousands digit of o(-39)?
3
Let p(w) = w**3 - 6*w**2 + 2. Let v be p(6). Let h(u) = -8*u**3 + 3*u**2 - 13*u - 20 + 15*u**v + 7*u**3. What is the units digit of h(17)?
8
Suppose 24*m = 31*m - 21. Suppose -n - j + 271 = 4*n, m*j = n - 67. Suppose -n - 35 = -5*a. What is the units digit of a?
8
Let f(a) = 8*a - 10. Let m be f(15). Suppose -99*b = -m*b + 2354. What is the units digit of b?
4
Let o be -3 + (4 - -5) + 1. Suppose o*u = 8*u - 729. Suppose -3*w = -4*m - u, 0 = -3*w + 5*m + 487 + 242. What is the units digit of w?
3
Let q(r) = -r**3 - 4*r**2 + 14*r - 7. Suppose 2*i - 6*i + 12 = 0, 0 = 2*t + i - 9. Let g be -12*((-2)/t)/(-1). What is the tens digit of q(g)?
3
What is the ten thousands digit of 22 - (-219504)/((-36)/(-3))?
1
Let q be 1/((65/150)/13). Let a = -30 + q. Suppose -b = -4, 5*o + 0*o + 4*b - 266 = a. What is the tens digit of o?
5
Let j(w) be the second derivative of w - 2/3*w**3 + 1/12*w**4 - 5*w**2 + 0. What is the tens digit of j(7)?
1
Let q = 3464 + -1654. Suppose 0*n - 2*n = -2*x + q, -3*x - 3*n + 2715 = 0. What is the hundreds digit of x?
9
Suppose -4*v + 192 = -20*v. What is the units digit of (v/(-5))/(6*4/300)?
0
Let v(d) = -6*d - 8. Let t be v(-2). Suppose -t*w = -18 - 146. Let u = w - 34. What is the units digit of u?
7
Suppose 4 = 4*x, -h - 4*x + 3970 + 1331 = 0. What is the tens digit of h?
9
Suppose -81387 = 17*a - 390498. What is the hundreds digit of a?
1
Suppose -6*m = -4*m - 1992. What is the units digit of (14 - 21)*m/(-14)?
8
Let y(q) = 4*q + 11. Let d(k) = 3*k + 10. Let n(c) = 3*c + 10. Let a(m) = -2*d(m) + 3*n(m). Let w(s) = 3*a(s) - 2*y(s). What is the tens digit of w(13)?
2
Let w = 4 + 0. Let p be 5/(-15) + (-2358)/(-27). Suppose -96 = -4*x + 4*o, 0 = -0*x - w*x + o + p. What is the tens digit of x?
2
Suppose -948 - 906 = -6*n. What is the units digit of n?
9
Let j = -38 - -42. Suppose 2*z + j*z - 486 = 0. What is the tens digit of -6*3*-1*z/18?
8
Suppose 17*l - 553187 = -0*l - 6025. What is the units digit of l?
6
Suppose -4*s - 80 = -0*s. Let u be -4 - -86 - -4 - -6. Let j = s + u. What is the units digit of j?
2
Let t = 2132 + 25525. What is the units digit of t?
7
Let u = 40706 + -16631. What is the tens digit of u?
7
Suppose y - 5*s = 5*y - 1969, 3*y = -5*s + 1473. Let h = y - 477. What is the units digit of h?
9
Let q be -71 + -2 + 1 + 0 + 0. Let t = q + 75. Suppose -2*h + 5*h = -t*g + 318, -98 = -g + h. What is the hundreds digit of g?
1
Let p = -6069 - -8647. What is the units digit of p?
8
Let h(r) = 712*r**2 + 25*r - 65. What is the units digit of h(-6)?
7
Let o(c) = c + 27. Let a be o(-24). Suppose -3*l + 4 = -4*s + 21, 3*l + a*s + 24 = 0. Let g = l + 106. What is the units digit of g?
9
Let k(y) = y. Let h be k(-12). What is the tens digit of h/18*2/((-6)/2331)?
1
Suppose 0 = -6*y + 133 + 113. Suppose -20 = -4*j + 2*r, -4 = -2*j + 3*r - 5*r. Suppose 0 = -j*q + y + 27. What is the tens digit of q?
1
Let f = -283 - -287. Suppose c - 170 = -c - 3*d, 2*c = -f*d + 172. What is the tens digit of c?
8
Suppose 0 = 5*b + 3*q - 90, -3*b + 3*q - 2*q = -40. Let r be b/5 - 1*5. What is the tens digit of (-1 + r + 2)/(1/(-134))?
3
Suppose 51 = -3*w + 33. What is the tens digit of w - (-6 + (-5024)/8)?
2
Suppose 0 = -3*l - 47*l + 153016 + 552234. What is the tens digit of l?
0
Let t = 40 + -33. Let k(w) = 102*w + 21. Let b be k(t). Suppose 0 = 11*v - b + 9. What is the tens digit of v?
6
Suppose 2*n - 18 = -c - 2*n, -2*c + 8 = n. What is the units digit of c*1/(-8)*-1052?
3
Suppose -2*u + 2*v - 511 = -2277, 0 = 5*u - 4*v - 4413. Let s = u + -85. What is the hundreds digit of s?
7
Let x = 28 + -24. Suppose -2*w = 4*t - 906, -222 = -t + 5*w - x*w. What is the units digit of t?
5
Let z(d) = -d**2 + 3*d + 21. Let j be z(7). Let s = j - -11. Suppose 0 = -0*n + s*n - 340. What is the tens digit of n?
8
Let r = 102381 + -41683. What is the hundreds digit of r?
6
Let g(p) = -18*p + 4. Let t(y) = -y**2 + y + 1. Let b(z) = g(z) - t(z). What is the units digit of b(19)?
3
Let h(i) = -6*i - 7*i + 2 + 12*i. Let m be h(-2). Suppose -m*w + 302 + 6 = 0. What is the units digit of w?
7
Let o be 15/80*4 - (-34)/8. Let y = 0 + o. Suppose -615 = -y*x - 4*p, 4*x - 2*x - 279 = 5*p. What is the tens digit of x?
2
Suppose -132*n + 65 = -119*n. Suppose n*i = -25, 5*g = 7*g + 5*i - 2567. What is the units digit of g?
6
Let b be (-2)/6 - (-250)/75. Suppose 3*j + 0*j - b*k = -912, 5*j + 5*k + 1530 = 0. Let i = -43 - j. What is the hundreds digit of i?
2
What is the thousands digit of (15/(-5) + 4)*(-152424)/(-29)?
5
Suppose -3711 - 1796 = -2*y + 5*k, y 